{"id":5,"date":"2014-05-03T13:44:21","date_gmt":"2014-05-03T12:44:21","guid":{"rendered":"http:\/\/www.fouencamps.fr\/?page_id=5"},"modified":"2014-05-13T15:23:46","modified_gmt":"2014-05-13T14:23:46","slug":"edito","status":"publish","type":"page","link":"https:\/\/www.fouencamps.fr\/?page_id=5","title":{"rendered":"Edito"},"content":{"rendered":"<p>Chers usagers,<\/p>\n<p>Bienvenue chez vous&#8230;<\/p>\n<p>C\u2019est dans un esprit novateur que nous avons d\u00e9cid\u00e9 de publier un site Internet d\u00e9di\u00e9 \u00e0 notre \u00ab\u00a0petite\u00a0\u00bb commune et \u00e0 ses habitants.<\/p>\n<p>Ce site internet se veut \u00eatre un endroit privil\u00e9gi\u00e9 d\u2019\u00e9changes et de partage, il s\u2019inscrit dans une d\u00e9marche informative et interactive \u00e0 laquelle nous vous invitons fortement \u00e0 participer.<\/p>\n<p>La commune a d\u00e9sormais un bel outil en ligne d\u00e9velopp\u00e9 de fa\u00e7on \u00ab responsive \u00bb et qui s\u2019adapte donc automatiquement \u00e0 l\u2019espace disponible sur votre \u00e9cran (que vous le consultiez depuis votre ordinateur, tablette ou smartphone).<\/p>\n<p>En esp\u00e9rant que fouencamps.fr r\u00e9ponde \u00e0 vos besoins aujourd&rsquo;hui et encore plus demain !<\/p>\n<p>Nous restons \u00e0 votre \u00e9coute,<br \/>\nL\u2019\u00e9quipe municipale<\/p>\n","protected":false},"excerpt":{"rendered":"<p>Chers usagers, Bienvenue chez vous&#8230; C\u2019est dans un esprit novateur que nous avons d\u00e9cid\u00e9 de publier un site Internet d\u00e9di\u00e9 \u00e0 notre \u00ab\u00a0petite\u00a0\u00bb commune et \u00e0 ses habitants. Ce site internet se veut \u00eatre&#46;&#46;&#46;<\/p>\n","protected":false},"author":1,"featured_media":0,"parent":0,"menu_order":0,"comment_status":"open","ping_status":"open","template":"","meta":{"_crdt_document":"","rop_custom_images_group":[],"rop_custom_messages_group":[],"rop_publish_now":"initial","rop_publish_now_accounts":[],"rop_publish_now_history":[],"rop_publish_now_status":"pending","footnotes":""},"class_list":["post-5","page","type-page","status-publish","hentry"],"_links":{"self":[{"href":"https:\/\/www.fouencamps.fr\/index.php?rest_route=\/wp\/v2\/pages\/5","targetHints":{"allow":["GET"]}}],"collection":[{"href":"https:\/\/www.fouencamps.fr\/index.php?rest_route=\/wp\/v2\/pages"}],"about":[{"href":"https:\/\/www.fouencamps.fr\/index.php?rest_route=\/wp\/v2\/types\/page"}],"author":[{"embeddable":true,"href":"https:\/\/www.fouencamps.fr\/index.php?rest_route=\/wp\/v2\/users\/1"}],"replies":[{"embeddable":true,"href":"https:\/\/www.fouencamps.fr\/index.php?rest_route=%2Fwp%2Fv2%2Fcomments&post=5"}],"version-history":[{"count":4,"href":"https:\/\/www.fouencamps.fr\/index.php?rest_route=\/wp\/v2\/pages\/5\/revisions"}],"predecessor-version":[{"id":171,"href":"https:\/\/www.fouencamps.fr\/index.php?rest_route=\/wp\/v2\/pages\/5\/revisions\/171"}],"wp:attachment":[{"href":"https:\/\/www.fouencamps.fr\/index.php?rest_route=%2Fwp%2Fv2%2Fmedia&parent=5"}],"curies":[{"name":"wp","href":"https:\/\/api.w.org\/{rel}","templated":true}]}}