{"id":23,"date":"2014-05-03T13:55:58","date_gmt":"2014-05-03T12:55:58","guid":{"rendered":"http:\/\/www.fouencamps.fr\/?page_id=23"},"modified":"2025-08-28T17:45:53","modified_gmt":"2025-08-28T16:45:53","slug":"scolarite","status":"publish","type":"page","link":"https:\/\/www.fouencamps.fr\/?page_id=23","title":{"rendered":"Scolarit\u00e9"},"content":{"rendered":"<p><strong>Le Regroupement P\u00e9dagogique Intercommunal est constitu\u00e9\u00a0des communes suivantes :<\/strong><\/p>\n<table>\n<tbody>\n<tr>\n<td width=\"614\">Cottenchy<\/td>\n<\/tr>\n<tr>\n<td width=\"614\">Dommartin<\/td>\n<\/tr>\n<tr>\n<td width=\"614\">Fouencamps<\/td>\n<\/tr>\n<tr>\n<td width=\"614\">Guyencourt<\/td>\n<\/tr>\n<tr>\n<td width=\"614\">Remiencourt<\/td>\n<\/tr>\n<\/tbody>\n<\/table>\n<p>Vous pourrez trouver ci-dessous l&rsquo;organisation retenue pour l&rsquo;ann\u00e9e scolaire 2013-2014.<\/p>\n<p><strong>Ecole maternelle (Toute petite section \/ Petite section \/ Moyenne section : Madame FEDELICH)<\/strong><\/p>\n<table>\n<tbody>\n<tr>\n<td width=\"614\">8 rue Louis Tribout<\/td>\n<\/tr>\n<tr>\n<td width=\"614\">80440 COTTENCHY<\/td>\n<\/tr>\n<tr>\n<td width=\"614\">Tel. 03.22.35.04.25<\/td>\n<\/tr>\n<tr>\n<td width=\"614\">Mail. <a href=\"mailto:ecole.cottenchy@ac-amiens.fr\">ecole.cottenchy@ac-amiens.fr<\/a><\/td>\n<\/tr>\n<\/tbody>\n<\/table>\n<p><strong>Ecole \u00e9l\u00e9mentaire (Grande section \/ CP : Madame LOUBAT)<\/strong><\/p>\n<table>\n<tbody>\n<tr>\n<td width=\"614\">Rue Th\u00e9ophile Deprez<\/td>\n<\/tr>\n<tr>\n<td width=\"614\">80250 GUYENCOURT SUR NOYE<\/td>\n<\/tr>\n<tr>\n<td width=\"614\">Tel. 03.22.41.13.08<\/td>\n<\/tr>\n<tr>\n<td width=\"614\">Mail. <a href=\"mailto:ecole.guyencourt@ac-amiens.fr\">ecole.guyencourt@ac-amiens.fr<\/a><\/td>\n<\/tr>\n<\/tbody>\n<\/table>\n<p><strong>Ecole \u00e9l\u00e9mentaire (CE1 \/ CE2 : Madame SaintPaul)<\/strong><\/p>\n<table>\n<tbody>\n<tr>\n<td width=\"614\">37 rue Armand Lepage<\/td>\n<\/tr>\n<tr>\n<td width=\"614\">80440 DOMMARTIN<\/td>\n<\/tr>\n<tr>\n<td width=\"614\">Tel. 03.22.09.59.62<\/td>\n<\/tr>\n<tr>\n<td width=\"614\">Mail. <a href=\"mailto:ecole.dommartin@ac-amiens.fr\">ecole.dommartin@ac-amiens.fr<\/a><\/td>\n<\/tr>\n<\/tbody>\n<\/table>\n<p><strong>Ecole \u00e9l\u00e9mentaire (CE2 \/ CM1 \/ CM2 : Madame VANNESMAEL)<\/strong><\/p>\n<table>\n<tbody>\n<tr>\n<td width=\"614\">1 Place de l&rsquo;Eglise<\/td>\n<\/tr>\n<tr>\n<td width=\"614\">80250 REMIENCOURT<\/td>\n<\/tr>\n<tr>\n<td width=\"614\">Tel. 03.22.41.10.32<\/td>\n<\/tr>\n<tr>\n<td width=\"614\">Mail. <a href=\"mailto:ecole.remiencourt@ac-amiens.fr\">ecole.remiencourt@ac-amiens.fr<\/a><\/td>\n<\/tr>\n<\/tbody>\n<\/table>\n\n\n<p class=\"wp-block-paragraph\">Transport scolaire pour le regroupement scolaire\u00a0 <a href=\"https:\/\/www.fouencamps.fr\/wp-content\/uploads\/2025\/08\/Reorganisation-transport-scolaire-2025.pdf\">voir ici\u00a0<\/a><\/p>\n","protected":false},"excerpt":{"rendered":"<p>Le Regroupement P\u00e9dagogique Intercommunal est constitu\u00e9\u00a0des communes suivantes : Cottenchy Dommartin Fouencamps Guyencourt Remiencourt Vous pourrez trouver ci-dessous l&rsquo;organisation retenue pour l&rsquo;ann\u00e9e scolaire 2013-2014. Ecole maternelle (Toute petite section \/ Petite section \/ Moyenne&#46;&#46;&#46;<\/p>\n","protected":false},"author":1,"featured_media":0,"parent":0,"menu_order":0,"comment_status":"open","ping_status":"open","template":"","meta":{"_crdt_document":"","rop_custom_images_group":[],"rop_custom_messages_group":[],"rop_publish_now":"initial","rop_publish_now_accounts":[],"rop_publish_now_history":[],"rop_publish_now_status":"pending","footnotes":""},"class_list":["post-23","page","type-page","status-publish","hentry"],"_links":{"self":[{"href":"https:\/\/www.fouencamps.fr\/index.php?rest_route=\/wp\/v2\/pages\/23","targetHints":{"allow":["GET"]}}],"collection":[{"href":"https:\/\/www.fouencamps.fr\/index.php?rest_route=\/wp\/v2\/pages"}],"about":[{"href":"https:\/\/www.fouencamps.fr\/index.php?rest_route=\/wp\/v2\/types\/page"}],"author":[{"embeddable":true,"href":"https:\/\/www.fouencamps.fr\/index.php?rest_route=\/wp\/v2\/users\/1"}],"replies":[{"embeddable":true,"href":"https:\/\/www.fouencamps.fr\/index.php?rest_route=%2Fwp%2Fv2%2Fcomments&post=23"}],"version-history":[{"count":6,"href":"https:\/\/www.fouencamps.fr\/index.php?rest_route=\/wp\/v2\/pages\/23\/revisions"}],"predecessor-version":[{"id":1009,"href":"https:\/\/www.fouencamps.fr\/index.php?rest_route=\/wp\/v2\/pages\/23\/revisions\/1009"}],"wp:attachment":[{"href":"https:\/\/www.fouencamps.fr\/index.php?rest_route=%2Fwp%2Fv2%2Fmedia&parent=23"}],"curies":[{"name":"wp","href":"https:\/\/api.w.org\/{rel}","templated":true}]}}

Scolarité

<p><strong>Le Regroupement Pédagogique Intercommunal est constitué des communes suivantes :</strong></p>
<table>
<tbody>
<tr>
<td width="614">Cottenchy</td>
</tr>
<tr>
<td width="614">Dommartin</td>
</tr>
<tr>
<td width="614">Fouencamps</td>
</tr>
<tr>
<td width="614">Guyencourt</td>
</tr>
<tr>
<td width="614">Remiencourt</td>
</tr>
</tbody>
</table>
<p>Vous pourrez trouver ci-dessous l&rsquo;organisation retenue pour l&rsquo;année scolaire 2013-2014.</p>
<p><strong>Ecole maternelle (Toute petite section / Petite section / Moyenne section : Madame FEDELICH)</strong></p>
<table>
<tbody>
<tr>
<td width="614">8 rue Louis Tribout</td>
</tr>
<tr>
<td width="614">80440 COTTENCHY</td>
</tr>
<tr>
<td width="614">Tel. 03.22.35.04.25</td>
</tr>
<tr>
<td width="614">Mail. <a href="mailto:ecole.cottenchy@ac-amiens.fr">ecole.cottenchy@ac-amiens.fr</a></td>
</tr>
</tbody>
</table>
<p><strong>Ecole élémentaire (Grande section / CP : Madame LOUBAT)</strong></p>
<table>
<tbody>
<tr>
<td width="614">Rue Théophile Deprez</td>
</tr>
<tr>
<td width="614">80250 GUYENCOURT SUR NOYE</td>
</tr>
<tr>
<td width="614">Tel. 03.22.41.13.08</td>
</tr>
<tr>
<td width="614">Mail. <a href="mailto:ecole.guyencourt@ac-amiens.fr">ecole.guyencourt@ac-amiens.fr</a></td>
</tr>
</tbody>
</table>
<p><strong>Ecole élémentaire (CE1 / CE2 : Madame SaintPaul)</strong></p>
<table>
<tbody>
<tr>
<td width="614">37 rue Armand Lepage</td>
</tr>
<tr>
<td width="614">80440 DOMMARTIN</td>
</tr>
<tr>
<td width="614">Tel. 03.22.09.59.62</td>
</tr>
<tr>
<td width="614">Mail. <a href="mailto:ecole.dommartin@ac-amiens.fr">ecole.dommartin@ac-amiens.fr</a></td>
</tr>
</tbody>
</table>
<p><strong>Ecole élémentaire (CE2 / CM1 / CM2 : Madame VANNESMAEL)</strong></p>
<table>
<tbody>
<tr>
<td width="614">1 Place de l&rsquo;Eglise</td>
</tr>
<tr>
<td width="614">80250 REMIENCOURT</td>
</tr>
<tr>
<td width="614">Tel. 03.22.41.10.32</td>
</tr>
<tr>
<td width="614">Mail. <a href="mailto:ecole.remiencourt@ac-amiens.fr">ecole.remiencourt@ac-amiens.fr</a></td>
</tr>
</tbody>
</table>


<p class="wp-block-paragraph">Transport scolaire pour le regroupement scolaire  <a href="https://www.fouencamps.fr/wp-content/uploads/2025/08/Reorganisation-transport-scolaire-2025.pdf">voir ici </a></p>

<p>Le Regroupement Pédagogique Intercommunal est constitué des communes suivantes : Cottenchy Dommartin Fouencamps Guyencourt Remiencourt Vous pourrez trouver ci-dessous l&rsquo;organisation retenue pour l&rsquo;année scolaire 2013-2014. Ecole maternelle (Toute petite section / Petite section / Moyenne&#46;&#46;&#46;</p>
